6 and p.
42
Suppose 2*c = -6, 4*o - 45 = -c - 4*c. Let q be o + 2/(4/(-6)). What is the highest common factor of 60 and q?
12
Suppose 17 = 3*u - h, -5*u - h + 39 = -0*h. Suppose -u*z + 3*z = 8. Let v be (-28)/(-2) - (-4)/z. What is the highest common divisor of 60 and v?
12
Suppose 187*q - 150 = 172*q. Calculate the highest common factor of 2100 and q.
10
Let f(z) = -z**2 + 17*z + 3. Suppose 0 = 3*n + 4*i - 47, -4*n + 6*n + 3*i = 31. Let j be f(n). What is the highest common factor of j and 12?
3
Let p be (-20)/(-15) + (-573)/(-9). Suppose 4*t + 55 = -p. Let k = -9 - t. What is the greatest common divisor of 189 and k?
21
Suppose 1032 = 76*k - 68*k. Calculate the highest common factor of 172 and k.
43
Let a = 402 + -366. Calculate the highest common divisor of a and 8.
4
Let t = -205 + 445. What is the highest common divisor of 15 and t?
15
Let f = 883 - 604. Calculate the highest common factor of 62 and f.
31
Suppose 3*a + 8*w = 3*w - 2, 2*a - 2*w - 20 = 0. Calculate the greatest common factor of a and 22.
2
Let v(j) = 2*j**2 + 5*j + 3. Let x be v(-5). Let p be (-14)/(3 + -5)*288/x. What is the greatest common divisor of p and 9?
9
Let k(j) = 4*j - 15. Let v be k(5). Suppose -129 = -v*y + 3*m - m, 18 = y - 3*m. Calculate the greatest common divisor of y and 3.
3
Suppose -5*a = -8*a + 12. Let w be 9/(-4 - (a + -9)). Calculate the greatest common factor of w and 9.
9
Let a(w) = -4 + w - 2*w + 2 - 5*w. Let q be a(-4). Calculate the highest common factor of 55 and q.
11
Let m be (3/(-4))/(9/36)*-17. What is the greatest common factor of m and 68?
17
Suppose 4*z - 42 - 22 = 8*y, 0 = 3*z + 2*y - 64. Calculate the highest common factor of z and 2620.
20
Suppose 8*l - 547 = -195. Suppose 0 = -y - k - 2*k + 214, 0 = 4*y - 4*k - 888. Calculate the highest common divisor of y and l.
44
Suppose 33*h + 31*h - 68288 = 0. What is the highest common factor of h and 22?
11
Suppose -31*x = -8*x - 713. Calculate the greatest common divisor of x and 279.
31
Let c = -22 + 25. Let w = c - -27. Calculate the greatest common factor of w and 45.
15
Let f(a) = 4*a - 6. Let r be f(6). Let g(w) = 395*w**3. Let k be g(1). Let y = k + -197. Calculate the greatest common factor of y and r.
18
Suppose k = 6 + 4. Let h be -12*(k/6)/(-5). Suppose 2*f + 0*r = -3*r + 14, 30 = h*f + 5*r. Calculate the greatest common divisor of 2 and f.
2
Let i(v) = -12*v + 16*v - v**2 - 16 + 6*v. Let r be i(6). Calculate the highest common factor of r and 12.
4
Let o(r) = -3*r - 2 - 1 + 0*r. Let a = -14 + 11. Let b be o(a). What is the highest common divisor of b and 6?
6
Let z be ((-2398 + -2)/8)/(9/(-12)). Calculate the greatest common divisor of 16 and z.
16
Suppose -36*z + 26*z + 120 = 0. What is the highest common factor of z and 44?
4
Let z(w) = -3*w**3 - 8*w**2 - 7*w - 1. Let v be z(-5). Let h be (3/(-9))/(9/54). Let t be 1/(-4)*h*38. Calculate the greatest common factor of v and t.
19
Suppose 3*o - 34 = o. Let c = o - -1. Let i be (-1)/(-6) - (-51)/c. What is the highest common divisor of i and 15?
3
Let g be 14*3 + 2 + -1. Let j = 65 - g. Calculate the highest common divisor of j and 198.
22
Let i be 48*(-3)/(0 - (0 + 6)). Suppose -5*r + 254 + 46 = 0. What is the greatest common factor of i and r?
12
Let w = 43 + -29. Calculate the greatest common factor of 63 and w.
7
Suppose 4*w - 10 = -2*v + 10, 2*v - w = 30. Let z = v - 8. What is the highest common factor of 48 and z?
6
Let p = 1183 + -271. What is the highest common factor of 57 and p?
57
Let s = 37 - -35. Let f(i) be the second derivative of -i**5/20 + i**4/12 + i**3/6 + 6*i**2 - 3*i. Let c be f(0). What is the highest common factor of c and s?
12
Suppose 0 = 3*h + u + 8, -5*h = -4*h + u. Let m be -5 - 33/(-6) - 106/h. Calculate the highest common factor of 243 and m.
27
Let z(g) = g**3 + g**2 - 4*g + 5. Let v be z(7). Suppose -4*f - 5*h = -326, 31 = -4*f + h + v. Calculate the greatest common factor of 12 and f.
12
Let i(b) = -10*b**3 + 89*b**2 + 14*b - 24. Let v be i(9). What is the greatest common divisor of 63 and v?
21
Let x = -2 + -3. Let k(j) be the third derivative of j**4/24 + 2*j**3 - 51*j**2. Let o be k(x). What is the greatest common divisor of o and 63?
7
Let o = 5 + -2. Suppose o*n = v + v + 195, 0 = -v. Calculate the highest common divisor of 13 and n.
13
Let u(w) = -49*w + 17. Let l be u(-2). What is the highest common divisor of l and 46?
23
Suppose -3*q = 2*q. Suppose z - 25 = -q*z - 4*i, -2*z + 2*i = 0. Suppose 5*m = z*b - 30, 3*m + 3 = 2*m. What is the greatest common divisor of b and 21?
3
Suppose 192 = -399*b + 407*b. What is the greatest common divisor of b and 984?
24
Suppose -6*o - 186 = -648. What is the highest common divisor of o and 21?
7
Let u(l) = -10*l**2 - 61*l - 15. Let i be u(-5). What is the highest common factor of i and 70?
10
Let q = -552 + 572. Calculate the greatest common factor of 80 and q.
20
Let q(j) be the second derivative of 2*j**4 + j**3/2 - 3*j**2/2 + 33*j. Let g be q(2). Calculate the greatest common divisor of 33 and g.
33
Let a(j) = -j**2 + 4*j + 1. Let p be a(2). Let x = 8 - p. Let f(y) = 13*y - 90. Let w be f(7). What is the highest common divisor of w and x?
1
Suppose -5*o = 3*h - 25, h + 21 = 3*o + 4*h. Suppose o = -0*m - m. Let l be (-16)/m*(-4)/(-1). What is the greatest common factor of 4 and l?
4
Let k(p) = 11*p**3 + 9*p**2 - 7*p + 1. Let u be k(1). Let a be (0 - -1) + 0 + 41. Calculate the highest common factor of a and u.
14
Let g(i) = -3*i + 48. Let y be g(14). What is the highest common divisor of 39 and y?
3
Let g = 773 + -739. What is the highest common divisor of 578 and g?
34
Suppose 0 = p - 5*p + 208. Suppose 120 = -0*d - d. Let i = -42 - d. Calculate the greatest common divisor of i and p.
26
Let x(g) be the second derivative of -g**4/12 + 25*g**3/6 - 31*g**2/2 - 19*g. Let h be x(17). What is the greatest common factor of 45 and h?
15
Let x = 30 + -15. Suppose 0*y - 46 = -y. Let r = -1 + y. What is the greatest common divisor of x and r?
15
Let t(h) = h**2 + 36*h + 221. Let q be t(-29). What is the highest common divisor of 15 and q?
3
Let a be 159/530 + 1677/10. Calculate the greatest common factor of a and 552.
24
Let k(a) = a**3 - 6*a**2 - 67*a - 24. Let v be k(12). What is the greatest common divisor of 52 and v?
4
Suppose -2956 + 1132 = -5*h + 4*l, 0 = 4*h + 4*l - 1452. Suppose -5*g + h = k + k, g - 70 = k. Calculate the highest common divisor of 24 and g.
24
Suppose -1431 = -12*f - 243. Calculate the highest common divisor of f and 18.
9
Let h be (82 + 46 - (-7 - -1)) + 6. Calculate the greatest common divisor of 30 and h.
10
Suppose 2*w = -2*b + 2786, -2*b + 5*w - 4183 = -5*b. Calculate the highest common factor of b and 26.
13
Suppose -123 = -3*u + 14*d - 11*d, 2*d = 2. Let g = u + -19. Calculate the greatest common divisor of g and 46.
23
Suppose -y = 4*a - 23, 2*y + 7*a = 4*a + 46. What is the greatest common divisor of y and 736?
23
Let i = 14 - 10. Let p(n) be the first derivative of -n**3/3 + n**2/2 + 10*n + 68. Let j be p(3). What is the greatest common factor of j and i?
4
Suppose 0*z = -5*z + 40. Suppose 5*o = -2*b + 138, 2*o = b + 3*b - 252. Suppose -4*v = -b - 192. What is the greatest common factor of z and v?
8
Let p = -31 + 39. Let a be 13/39 - p/(-3). Suppose -a*f - 2*f = -10. What is the greatest common factor of f and 4?
2
Let m be (10/8)/(1/16). Let w = -3 + 8. Suppose w*a - m = -5. What is the highest common divisor of 12 and a?
3
Let s = -58 + 56. Let r be 373 + -1*(-3 - s). What is the greatest common divisor of r and 34?
34
Let n = -1251 - -1744. What is the highest common factor of n and 17?
17
Let g = 24 + -6. Suppose 733*n = 739*n - 216. What is the greatest common factor of g and n?
18
Let x = 833 - 514. Calculate the highest common divisor of 33 and x.
11
Let p(c) = 147*c**3 - c**2 - 2. Let u be p(2). Calculate the highest common factor of u and 90.
90
Suppose r + 4 + 4 = 0. Let m = r - -8. Suppose m = 8*w - 2*w - 6. Calculate the highest common factor of w and 7.
1
Let d = 3 - 5. Let t(z) = -7*z - 2. Let m be t(d). Let w(c) = 132*c**3 - 5*c**2 + 8*c - 3. Let n be w(1). Calculate the greatest common divisor of n and m.
12
Let h(w) = 2*w**3 + 16*w**2 + 2*w + 24. Let u be h(-7). What is the greatest common factor of 12 and